 thousands digit of 183670?
1
What is the thousands digit of 59593?
9
What is the tens digit of 16852845?
4
What is the thousands digit of 1453692?
3
What is the hundreds digit of 277562?
5
What is the hundreds digit of 198045?
0
What is the hundreds digit of 5717670?
6
What is the thousands digit of 1939572?
9
What is the units digit of 397691?
1
What is the tens digit of 10366037?
3
What is the hundred thousands digit of 411766?
4
What is the hundreds digit of 172439?
4
What is the millions digit of 1411270?
1
What is the tens digit of 727035?
3
What is the hundreds digit of 27496065?
0
What is the thousands digit of 5734462?
4
What is the thousands digit of 24920378?
0
What is the units digit of 554724?
4
What is the thousands digit of 3018961?
8
What is the ten thousands digit of 2414599?
1
What is the tens digit of 1644680?
8
What is the hundreds digit of 663367?
3
What is the thousands digit of 411635?
1
What is the hundreds digit of 297649?
6
What is the ten thousands digit of 2377074?
7
What is the thousands digit of 230618?
0
What is the hundreds digit of 5946684?
6
What is the units digit of 13179053?
3
What is the units digit of 1933395?
5
What is the tens digit of 145689?
8
What is the thousands digit of 3771916?
1
What is the hundreds digit of 679786?
7
What is the hundreds digit of 280304?
3
What is the hundreds digit of 4182035?
0
What is the thousands digit of 264545?
4
What is the tens digit of 72384?
8
What is the units digit of 23295?
5
What is the thousands digit of 55443?
5
What is the tens digit of 2458998?
9
What is the tens digit of 145271?
7
What is the thousands digit of 5911712?
1
What is the hundred thousands digit of 4359701?
3
What is the ten thousands digit of 831042?
3
What is the millions digit of 1115377?
1
What is the units digit of 119807?
7
What is the thousands digit of 5761985?
1
What is the thousands digit of 1070935?
0
What is the thousands digit of 538567?
8
What is the ten thousands digit of 10435202?
3
What is the ten thousands digit of 299496?
9
What is the ten thousands digit of 223542?
2
What is the ten thousands digit of 835751?
3
What is the units digit of 1246571?
1
What is the tens digit of 387939?
3
What is the units digit of 2611344?
4
What is the ten thousands digit of 2954672?
5
What is the hundred thousands digit of 15220187?
2
What is the hundreds digit of 79298?
2
What is the hundred thousands digit of 818016?
8
What is the units digit of 1324116?
6
What is the units digit of 1748724?
4
What is the hundred thousands digit of 1144331?
1
What is the thousands digit of 19060016?
0
What is the units digit of 109633?
3
What is the units digit of 1929799?
9
What is the ten thousands digit of 2124852?
2
What is the tens digit of 1021069?
6
What is the hundred thousands digit of 895850?
8
What is the hundreds digit of 5816614?
6
What is the millions digit of 5487753?
5
What is the millions digit of 2735492?
2
What is the hundred thousands digit of 3448077?
4
What is the units digit of 188363?
3
What is the ten millions digit of 19765334?
1
What is the ten thousands digit of 77462?
7
What is the tens digit of 105053?
5
What is the tens digit of 23292691?
9
What is the thousands digit of 16307713?
7
What is the hundreds digit of 1287819?
8
What is the thousands digit of 2964599?
4
What is the ten thousands digit of 1009446?
0
What is the thousands digit of 5297543?
7
What is the ten thousands digit of 83206?
8
What is the units digit of 160508?
8
What is the hundreds digit of 77049?
0
What is the millions digit of 13705225?
3
What is the hundreds digit of 18889593?
5
What is the units digit of 23989282?
2
What is the ten thousands digit of 23381778?
8
What is the ten thousands digit of 170680?
7
What is the hundred thousands digit of 1714823?
7
What is the ten thousands digit of 99823?
9
What is the hundreds digit of 22232996?
9
What is the ten millions digit of 11581825?
1
What is the hundreds digit of 206564?
5
What is the hundred thousands digit of 2827225?
8
What is the units digit of 829?
9
What is the thousands digit of 53525?
3
What is the units digit of 9942345?
5
What is the ten thousands digit of 4992334?
9
What is the hundreds digit of 226791?
7
What is the hundred thousands digit of 601990?
6
What is the thousands digit of 11817203?
7
What is the units digit of 1945539?
9
What is the ten thousands digit of 8191187?
9
What is the thousands digit of 9471791?
1
What is the millions digit of 9007013?
9
What is the thousands digit of 2157430?
7
What is the hundreds digit of 38933?
9
What is the hundreds digit of 3559628?
6
What is the thousands digit of 6571807?
1
What is the units digit of 4154374?
4
What is the hundreds digit of 219278?
2
What is the millions digit of 3996818?
3
What is the tens digit of 15326968?
6
What is the hundreds digit of 391698?
6
What is the thousands digit of 243310?
3
What is the hundreds digit of 738646?
6
What is the thousands digit of 374870?
4
What is the units digit of 20623?
3
What is the hundred thousands digit of 475715?
4
What is the ten thousands digit of 205016?
0
What is the thousands digit of 535946?
5
What is the hundred thousands digit of 648853?
6
What is the units digit of 683019?
9
What is the tens digit of 656947?
4
What is the hundreds digit of 126298?
2
What is the ten thousands digit of 2640455?
4
What is the hundred thousands digit of 745952?
7
What is the hundred thousands digit of 501890?
5
What is the thousands digit of 493453?
3
What is the units digit of 45464?
4
What is the ten thousands digit of 7108349?
0
What is the units digit of 188239?
9
What is the hundred thousands digit of 654302?
6
What is the hundreds digit of 235387?
3
What is the hundreds digit of 58192?
1
What is the ten thousands digit of 5531170?
3
What is the ten thousands digit of 43355?
4
What is the ten thousands digit of 801702?
0
What is the hundred thousands digit of 523773?
5
What is the ten thousands digit of 1009922?
0
What is the tens digit of 177435?
3
What is the tens digit of 3317519?
1
What is the hundreds digit of 839279?
2
What is the ten thousands digit of 1499331?
9
What is the tens digit of 1364624?
2
What is the units digit of 32122437?
7
What is the hundreds digit of 23596437?
4
What is the tens digit of 10159744?
4
What is the hundred thousands digit of 2443802?
4
What is the tens digit of 1215936?
3
What is the hundreds digit of 994641?
6
What is the ten thousands digit of 182018?
8
What is the hundreds digit of 16345598?
5
What is the ten thousands digit of 5209066?
0
What is the tens digit of 966034?
3
What is the thousands digit of 619223?
9
What is the hundred thousands digit of 1207393?
2
What is the units digit of 2153263?
3
What is the hundreds digit of 859612?
6
What is the tens digit of 57774?
7
What is the millions digit of 2137824?
2
What is the ten thousands digit of 105286?
0
What is the hundreds digit of 8585649?
6
What is the ten thousands digit of 4008711?
0
What is the hundred thousands digit of 33063964?
0
What is the hundred thousands digit of 27456515?
4
What is the thousands digit of 98011?
8
What is the hundreds digit of 352525?
5
What is the units digit of 639135?
5
What is the hundred thousands digit of 338289?
3
What is the hundreds digit of 5235795?
7
What is the thousands digit of 4727754?
7
What is the hundred thousands digit of 1085086?
0
What is the tens digit of 1102228?
2
What is the hundreds digit of 3162246?
2
What is the units digit of 249670?
0
What is the hundreds digit of 228997?
9
What is the units digit of 5924812?
2
What is the thousands digit of 2565214?
5
What is the tens digit of 30378406?
0
What is the ten thousands digit of 1111912?
1
What is the thousands digit of 311175?
1
What is the ten thousands digit of 589909?
8
What is the hundreds digit of 958213?
2
What is the units digit of 201560?
0
What is the millions digit of 20487502?
0
What is the hundreds digit of 159999?
9
What is the ten thousands digit of 2054210?
5
What is the thousands digit of 133150?
3
What is the units digit of 3101279?
9
What is the hundred thousands digit of 2098194?
0
What is the hundred thousands digit of 804398?
8
What is the hundred thousands digit of 588693?
5
What is the ten thousands digit of 134472?
3
What 